{"id":772,"date":"2023-10-11T14:39:34","date_gmt":"2023-10-11T07:39:34","guid":{"rendered":"https:\/\/giaodien.3bvietnam.com\/nhikorea\/?post_type=product&#038;p=772"},"modified":"2023-10-11T14:40:08","modified_gmt":"2023-10-11T07:40:08","slug":"nuoc-cot-hong-sam-thuong-hang-han-quoc-80ml-x-30-goi","status":"publish","type":"product","link":"https:\/\/giaodien.3bvietnam.com\/nhikorea\/san-pham\/nuoc-cot-hong-sam-thuong-hang-han-quoc-80ml-x-30-goi\/","title":{"rendered":"N\u01b0\u1edbc C\u1ed1t H\u1ed3ng S\u00e2m Th\u01b0\u1ee3ng H\u1ea1ng H\u00e0n Qu\u1ed1c ( 80ml x 30 g\u00f3i)"},"content":{"rendered":"<p><span style=\"font-weight: 400;\">\u2705TH\u00c0NH PH\u1ea6N<\/span><\/p>\n<ul>\n<li><span style=\"font-weight: 400;\">S\u00e2m nguy\u00ean c\u1ee7 100% + v\u1edbi n\u01b0\u1edbc tinh khi\u1ebft cho v\u00e0o m\u00e1y chuy\u00ean n\u1ea5u s\u00e2m \u0111un 3 ng\u00e0y 3 \u0111\u00eam (72 ti\u1ebfng) <\/span><\/li>\n<li>N\u01b0\u1edbc C\u1ed1t H\u1ed3ng S\u00e2m \u0111\u01b0\u1ee3c chi\u1ebft xu\u1ea5t t\u1eeb nh\u1eefng c\u1ee7 s\u00e2m 6 n\u0103m tu\u1ed5i mang \u0111\u1ebfn s\u1ee9c kh\u1ecfe cho ng\u01b0\u1eddi ti\u00eau d\u00f9ng<\/li>\n<\/ul>\n<p><span style=\"font-weight: 400;\">\u2705 C\u00d4NG D\u1ee4NG<\/span><\/p>\n<ul>\n<li><span style=\"font-weight: 400;\">T\u0103ng c\u01b0\u1eddng ch\u1ee9c n\u0103ng gan, th\u1eadn, ti\u1ec1n li\u1ec7t tuy\u1ebfn. T\u1eeb \u0111\u00f3 gi\u00fap t\u0103ng c\u01b0\u1eddng kh\u1ea3 n\u0103ng sinh l\u00fd \u1edf c\u1ea3 nam v\u00e0 n\u1eef. <\/span><\/li>\n<li>B\u1ed3i b\u1ed5 s\u1ee9c kh\u1ecfe, t\u0103ng c\u01b0\u1eddng th\u1ec3 l\u1ef1c cho ng\u01b0\u1eddi g\u1ea7y \u1ed1m sau khi ph\u1eabu thu\u1eadt gi\u00fap \u1ed5n \u0111\u1ecbnh \u0111\u01b0\u1eddng huy\u1ebft v\u00e0 huy\u1ebft \u00e1p<\/li>\n<li>\u0110\u1eb7c bi\u1ec7t c\u00f3 hi\u1ec7u qu\u1ea3 cho nh\u1eefng ng\u01b0\u1eddi cao tu\u1ed5i, th\u1ec3 l\u1ef1c gi\u1ea3m s\u00fat, h\u1ec7 mi\u1ec5n d\u1ecbch k\u00e9m, suy gi\u1ea3m tr\u00ed nh\u1edb.<\/li>\n<li>Th\u1ea3i \u0111\u1ed9c gan,L\u1ee3i ti\u1ec3u, b\u1ed5 m\u00e1u.gi\u00fap m\u00e1u huy\u1ebft l\u01b0u th\u00f4ng .ng\u1eeba n\u00e1m ch\u1ed1ng l\u00e3o h\u00f3a v\u00e0 gia t\u0103ng tu\u1ed5i th\u1ecd.<\/li>\n<li>B\u1ed3i b\u1ed5 th\u1ea7n kinh, ch\u1ed1ng m\u1ec7t m\u1ecfi C\u00e2n b\u1eb1ng hormone n\u1eef, c\u1ea3i thi\u1ec7n t\u00ecnh tr\u1ea1ng gi\u1ea3m nhu c\u1ea7u sinh l\u00fd, ,gi\u00fap\u00a0 ng\u1ee7 ngon, gi\u1ea3m stress.<\/li>\n<li>Ng\u0103n ng\u1eeba r\u1ee5ng t\u00f3c, x\u01a1 c\u1ee9ng \u0111\u1ed9ng m\u1ea1ch v\u00e0 t\u0103ng kh\u1ea3 n\u0103ng mi\u1ec5n d\u1ecbch<\/li>\n<li>Ngo\u00e0i ra, c\u00f2n gi\u00fap x\u01b0\u01a1ng ch\u1eafc kh\u1ecfe. b\u1ea3o v\u1ec7 tim m\u1ea1ch, ch\u1ed1ng \u0111\u1ed9t qu\u1ef5&#8230;<\/li>\n<\/ul>\n<p><span style=\"font-weight: 400;\">\u2705C\u00c1CH D\u00d9NG<\/span><\/p>\n<ul>\n<li><span style=\"font-weight: 400;\">L\u1eafc \u0111\u1ec1u tr\u01b0\u1edbc khi d\u00f9ng<\/span><\/li>\n<li><span style=\"font-weight: 400;\">Ng\u00e0y 1-2 g\u00f3i tr\u01b0\u1edbc \u0103n 30 ph\u00fat<\/span><\/li>\n<li><span style=\"font-weight: 400;\">B\u1ea3o qu\u1ea3n\u00a0 trong t\u1ee7 l\u1ea1nh\u00a0<\/span><\/li>\n<\/ul>\n","protected":false},"excerpt":{"rendered":"<p><span style=\"font-weight: 400;\">Xu\u1ea5t X\u1ee9 : H\u00e0n Qu\u1ed1c<\/span><\/p>\n<p><span style=\"font-weight: 400;\">Quy C\u00e1ch: 30 g\u00f3i \u00d7 80 ml<\/span><\/p>\n","protected":false},"featured_media":773,"comment_status":"closed","ping_status":"closed","template":"","meta":[],"product_cat":[30],"product_tag":[],"yoast_head":"<!-- This site is optimized with the Yoast SEO plugin v21.3 - https:\/\/yoast.com\/wordpress\/plugins\/seo\/ -->\n<title>N\u01b0\u1edbc C\u1ed1t H\u1ed3ng S\u00e2m Th\u01b0\u1ee3ng H\u1ea1ng H\u00e0n Qu\u1ed1c ( 80ml x 30 g\u00f3i) - Nhikorea<\/title>\n<meta name=\"robots\" content=\"index, follow, max-snippet:-1, max-image-preview:large, max-video-preview:-1\" \/>\n<link rel=\"canonical\" href=\"https:\/\/giaodien.3bvietnam.com\/nhikorea\/san-pham\/nuoc-cot-hong-sam-thuong-hang-han-quoc-80ml-x-30-goi\/\" \/>\n<meta property=\"og:locale\" content=\"vi_VN\" \/>\n<meta property=\"og:type\" content=\"article\" \/>\n<meta property=\"og:title\" content=\"N\u01b0\u1edbc C\u1ed1t H\u1ed3ng S\u00e2m Th\u01b0\u1ee3ng H\u1ea1ng H\u00e0n Qu\u1ed1c ( 80ml x 30 g\u00f3i) - Nhikorea\" \/>\n<meta property=\"og:description\" content=\"Xu\u1ea5t X\u1ee9 : H\u00e0n Qu\u1ed1c  Quy C\u00e1ch: 30 g\u00f3i \u00d7 80 ml\" \/>\n<meta property=\"og:url\" content=\"https:\/\/giaodien.3bvietnam.com\/nhikorea\/san-pham\/nuoc-cot-hong-sam-thuong-hang-han-quoc-80ml-x-30-goi\/\" \/>\n<meta property=\"og:site_name\" content=\"Nhikorea\" \/>\n<meta property=\"article:modified_time\" content=\"2023-10-11T07:40:08+00:00\" \/>\n<meta property=\"og:image\" content=\"https:\/\/giaodien.3bvietnam.com\/nhikorea\/wp-content\/uploads\/2023\/10\/52.Nuoc-Cot-Hong-Sam-Thuong-Hang-Han-Quoc-80ml-x-30-goi-1-1.jpg\" \/>\n\t<meta property=\"og:image:width\" content=\"1280\" \/>\n\t<meta property=\"og:image:height\" content=\"960\" \/>\n\t<meta property=\"og:image:type\" content=\"image\/jpeg\" \/>\n<meta name=\"twitter:card\" content=\"summary_large_image\" \/>\n<meta name=\"twitter:label1\" content=\"\u01af\u1edbc t\u00ednh th\u1eddi gian \u0111\u1ecdc\" \/>\n\t<meta name=\"twitter:data1\" content=\"2 ph\u00fat\" \/>\n<script type=\"application\/ld+json\" class=\"yoast-schema-graph\">{\"@context\":\"https:\/\/schema.org\",\"@graph\":[{\"@type\":\"WebPage\",\"@id\":\"https:\/\/giaodien.3bvietnam.com\/nhikorea\/san-pham\/nuoc-cot-hong-sam-thuong-hang-han-quoc-80ml-x-30-goi\/\",\"url\":\"https:\/\/giaodien.3bvietnam.com\/nhikorea\/san-pham\/nuoc-cot-hong-sam-thuong-hang-han-quoc-80ml-x-30-goi\/\",\"name\":\"N\u01b0\u1edbc C\u1ed1t H\u1ed3ng S\u00e2m Th\u01b0\u1ee3ng H\u1ea1ng H\u00e0n Qu\u1ed1c ( 80ml x 30 g\u00f3i) - Nhikorea\",\"isPartOf\":{\"@id\":\"https:\/\/giaodien.3bvietnam.com\/nhikorea\/#website\"},\"datePublished\":\"2023-10-11T07:39:34+00:00\",\"dateModified\":\"2023-10-11T07:40:08+00:00\",\"breadcrumb\":{\"@id\":\"https:\/\/giaodien.3bvietnam.com\/nhikorea\/san-pham\/nuoc-cot-hong-sam-thuong-hang-han-quoc-80ml-x-30-goi\/#breadcrumb\"},\"inLanguage\":\"vi\",\"potentialAction\":[{\"@type\":\"ReadAction\",\"target\":[\"https:\/\/giaodien.3bvietnam.com\/nhikorea\/san-pham\/nuoc-cot-hong-sam-thuong-hang-han-quoc-80ml-x-30-goi\/\"]}]},{\"@type\":\"BreadcrumbList\",\"@id\":\"https:\/\/giaodien.3bvietnam.com\/nhikorea\/san-pham\/nuoc-cot-hong-sam-thuong-hang-han-quoc-80ml-x-30-goi\/#breadcrumb\",\"itemListElement\":[{\"@type\":\"ListItem\",\"position\":1,\"name\":\"Home\",\"item\":\"https:\/\/giaodien.3bvietnam.com\/nhikorea\/\"},{\"@type\":\"ListItem\",\"position\":2,\"name\":\"S\u1ea3n ph\u1ea9m\",\"item\":\"https:\/\/giaodien.3bvietnam.com\/nhikorea\/san-pham\/\"},{\"@type\":\"ListItem\",\"position\":3,\"name\":\"N\u01b0\u1edbc C\u1ed1t H\u1ed3ng S\u00e2m Th\u01b0\u1ee3ng H\u1ea1ng H\u00e0n Qu\u1ed1c ( 80ml x 30 g\u00f3i)\"}]},{\"@type\":\"WebSite\",\"@id\":\"https:\/\/giaodien.3bvietnam.com\/nhikorea\/#website\",\"url\":\"https:\/\/giaodien.3bvietnam.com\/nhikorea\/\",\"name\":\"Nhikorea\",\"description\":\"\",\"potentialAction\":[{\"@type\":\"SearchAction\",\"target\":{\"@type\":\"EntryPoint\",\"urlTemplate\":\"https:\/\/giaodien.3bvietnam.com\/nhikorea\/?s={search_term_string}\"},\"query-input\":\"required name=search_term_string\"}],\"inLanguage\":\"vi\"}]}<\/script>\n<!-- \/ Yoast SEO plugin. -->","yoast_head_json":{"title":"N\u01b0\u1edbc C\u1ed1t H\u1ed3ng S\u00e2m Th\u01b0\u1ee3ng H\u1ea1ng H\u00e0n Qu\u1ed1c ( 80ml x 30 g\u00f3i) - Nhikorea","robots":{"index":"index","follow":"follow","max-snippet":"max-snippet:-1","max-image-preview":"max-image-preview:large","max-video-preview":"max-video-preview:-1"},"canonical":"https:\/\/giaodien.3bvietnam.com\/nhikorea\/san-pham\/nuoc-cot-hong-sam-thuong-hang-han-quoc-80ml-x-30-goi\/","og_locale":"vi_VN","og_type":"article","og_title":"N\u01b0\u1edbc C\u1ed1t H\u1ed3ng S\u00e2m Th\u01b0\u1ee3ng H\u1ea1ng H\u00e0n Qu\u1ed1c ( 80ml x 30 g\u00f3i) - Nhikorea","og_description":"Xu\u1ea5t X\u1ee9 : H\u00e0n Qu\u1ed1c  Quy C\u00e1ch: 30 g\u00f3i \u00d7 80 ml","og_url":"https:\/\/giaodien.3bvietnam.com\/nhikorea\/san-pham\/nuoc-cot-hong-sam-thuong-hang-han-quoc-80ml-x-30-goi\/","og_site_name":"Nhikorea","article_modified_time":"2023-10-11T07:40:08+00:00","og_image":[{"width":1280,"height":960,"url":"https:\/\/giaodien.3bvietnam.com\/nhikorea\/wp-content\/uploads\/2023\/10\/52.Nuoc-Cot-Hong-Sam-Thuong-Hang-Han-Quoc-80ml-x-30-goi-1-1.jpg","type":"image\/jpeg"}],"twitter_card":"summary_large_image","twitter_misc":{"\u01af\u1edbc t\u00ednh th\u1eddi gian \u0111\u1ecdc":"2 ph\u00fat"},"schema":{"@context":"https:\/\/schema.org","@graph":[{"@type":"WebPage","@id":"https:\/\/giaodien.3bvietnam.com\/nhikorea\/san-pham\/nuoc-cot-hong-sam-thuong-hang-han-quoc-80ml-x-30-goi\/","url":"https:\/\/giaodien.3bvietnam.com\/nhikorea\/san-pham\/nuoc-cot-hong-sam-thuong-hang-han-quoc-80ml-x-30-goi\/","name":"N\u01b0\u1edbc C\u1ed1t H\u1ed3ng S\u00e2m Th\u01b0\u1ee3ng H\u1ea1ng H\u00e0n Qu\u1ed1c ( 80ml x 30 g\u00f3i) - Nhikorea","isPartOf":{"@id":"https:\/\/giaodien.3bvietnam.com\/nhikorea\/#website"},"datePublished":"2023-10-11T07:39:34+00:00","dateModified":"2023-10-11T07:40:08+00:00","breadcrumb":{"@id":"https:\/\/giaodien.3bvietnam.com\/nhikorea\/san-pham\/nuoc-cot-hong-sam-thuong-hang-han-quoc-80ml-x-30-goi\/#breadcrumb"},"inLanguage":"vi","potentialAction":[{"@type":"ReadAction","target":["https:\/\/giaodien.3bvietnam.com\/nhikorea\/san-pham\/nuoc-cot-hong-sam-thuong-hang-han-quoc-80ml-x-30-goi\/"]}]},{"@type":"BreadcrumbList","@id":"https:\/\/giaodien.3bvietnam.com\/nhikorea\/san-pham\/nuoc-cot-hong-sam-thuong-hang-han-quoc-80ml-x-30-goi\/#breadcrumb","itemListElement":[{"@type":"ListItem","position":1,"name":"Home","item":"https:\/\/giaodien.3bvietnam.com\/nhikorea\/"},{"@type":"ListItem","position":2,"name":"S\u1ea3n ph\u1ea9m","item":"https:\/\/giaodien.3bvietnam.com\/nhikorea\/san-pham\/"},{"@type":"ListItem","position":3,"name":"N\u01b0\u1edbc C\u1ed1t H\u1ed3ng S\u00e2m Th\u01b0\u1ee3ng H\u1ea1ng H\u00e0n Qu\u1ed1c ( 80ml x 30 g\u00f3i)"}]},{"@type":"WebSite","@id":"https:\/\/giaodien.3bvietnam.com\/nhikorea\/#website","url":"https:\/\/giaodien.3bvietnam.com\/nhikorea\/","name":"Nhikorea","description":"","potentialAction":[{"@type":"SearchAction","target":{"@type":"EntryPoint","urlTemplate":"https:\/\/giaodien.3bvietnam.com\/nhikorea\/?s={search_term_string}"},"query-input":"required name=search_term_string"}],"inLanguage":"vi"}]}},"_links":{"self":[{"href":"https:\/\/giaodien.3bvietnam.com\/nhikorea\/wp-json\/wp\/v2\/product\/772"}],"collection":[{"href":"https:\/\/giaodien.3bvietnam.com\/nhikorea\/wp-json\/wp\/v2\/product"}],"about":[{"href":"https:\/\/giaodien.3bvietnam.com\/nhikorea\/wp-json\/wp\/v2\/types\/product"}],"replies":[{"embeddable":true,"href":"https:\/\/giaodien.3bvietnam.com\/nhikorea\/wp-json\/wp\/v2\/comments?post=772"}],"wp:featuredmedia":[{"embeddable":true,"href":"https:\/\/giaodien.3bvietnam.com\/nhikorea\/wp-json\/wp\/v2\/media\/773"}],"wp:attachment":[{"href":"https:\/\/giaodien.3bvietnam.com\/nhikorea\/wp-json\/wp\/v2\/media?parent=772"}],"wp:term":[{"taxonomy":"product_cat","embeddable":true,"href":"https:\/\/giaodien.3bvietnam.com\/nhikorea\/wp-json\/wp\/v2\/product_cat?post=772"},{"taxonomy":"product_tag","embeddable":true,"href":"https:\/\/giaodien.3bvietnam.com\/nhikorea\/wp-json\/wp\/v2\/product_tag?post=772"}],"curies":[{"name":"wp","href":"https:\/\/api.w.org\/{rel}","templated":true}]}}