{"id":690,"date":"2023-10-10T16:40:38","date_gmt":"2023-10-10T09:40:38","guid":{"rendered":"https:\/\/giaodien.3bvietnam.com\/nhikorea\/?page_id=690"},"modified":"2023-10-11T11:32:28","modified_gmt":"2023-10-11T04:32:28","slug":"huong-dan-mua-hang","status":"publish","type":"page","link":"https:\/\/giaodien.3bvietnam.com\/nhikorea\/huong-dan-mua-hang\/","title":{"rendered":"H\u01b0\u1edbng d\u1eabn mua h\u00e0ng"},"content":{"rendered":"<p><span style=\"font-weight: 400;\">Truy c\u1eadp Website: <span style=\"color: #3366ff;\"><strong>https:\/\/nhikorea.com\/<\/strong><\/span><\/span><\/p>\n<p><span style=\"font-weight: 400;\"><strong>B\u01b0\u1edbc 1:<\/strong> Nh\u1ea5n ch\u1ecdn s\u1ea3n ph\u1ea9m b\u1ea1n \u0111ang quan t\u00e2m v\u00e0 c\u1ea7n mua \u0111\u1ec3 xem th\u00f4ng tin chi ti\u1ebft.<\/span><\/p>\n<p><span style=\"font-weight: 400;\"><strong>B\u01b0\u1edbc 2:<\/strong> Nh\u1ea5n n\u00fat Chat Zao ho\u1eb7c g\u1ecdi \u0111i\u1ec7n thoai \u0111\u1ebfn s\u1ed1 Hotline tr\u00ean trang Web \u0111\u1ec3 \u0111\u01b0\u1ee3c t\u01b0 v\u1ea5n l\u1ef1a ch\u1ecdn \u0111\u00fang s\u1ea3n ph\u1ea9m.<\/span><\/p>\n<p><span style=\"font-weight: 400;\"><strong>B\u01b0\u1edbc 3:<\/strong> Ch\u1ecdn s\u1ed1 l\u01b0\u1ee3ng h\u00e0ng h\u00f3a v\u00e0 nh\u1ea5n Th\u00eam v\u00e0o gi\u1ecf h\u00e0ng.<\/span><\/p>\n<p><span style=\"font-weight: 400;\"><strong>B\u01b0\u1edbc 4:<\/strong> Nh\u1ea5n xem gi\u1ecf h\u00e0ng v\u00e0 ti\u1ebfn h\u00e0nh thanh to\u00e1n.<\/span><\/p>\n<p><span style=\"font-weight: 400;\"><strong>B\u01b0\u1edbc 5:<\/strong> Ho\u00e0n thi\u1ec7n c\u00e1c th\u00f4ng tin thanh to\u00e1n bao g\u1ed3m: H\u1ecd t\u00ean, \u0111\u1ecba ch\u1ec9, s\u1ed1 \u0111i\u1ec7n thoai li\u00ean h\u1ec7, Email, ghi ch\u00fa cho \u0111\u01a1n h\u00e0ng, l\u1ef1a ch\u1ecdn h\u00ecnh th\u1ee9c thanh to\u00e1n\u2026v\u00e0 nh\u1ea5n ho\u00e0n t\u1ea5t \u0111\u01a1n \u0111\u1eb7t h\u00e0ng.<\/span><\/p>\n<p><span style=\"font-weight: 400;\">Nh\u01b0 v\u1eady, b\u1ea1n d\u00e3 ho\u00e0n th\u00e0nh b\u01b0\u1edbc \u0111\u1eb7t h\u00e0ng, ch\u00fang t\u00f4i \u0111\u00e3 nh\u1eadn \u0111\u01b0\u1ee3c th\u00f4ng tin v\u00e0 s\u1ebd c\u00f3 nh\u00e2n vi\u00ean t\u01b0 v\u1ea5n g\u1ecdi \u0111i\u1ec7n li\u00ean h\u1ec7 tr\u1ef1c ti\u1ebfp \u0111\u1ec3 x\u00e1c nh\u1eadn \u0111\u01a1n h\u00e0ng v\u00e0 h\u1ed7 tr\u1ee3 b\u1ea1n nh\u00e9.<\/span><\/p>\n<p><strong>M\u1ecdi th\u1eafc m\u1eafc xin vui l\u00f2ng li\u00ean h\u1ec7:<\/strong><\/p>\n<ul>\n<li style=\"font-weight: 400;\" aria-level=\"1\"><span style=\"color: #3366ff;\"><strong>S\u1ed1 \u0111i\u1ec7n tho\u1ea1i: 0934. 327. 627<\/strong><\/span><\/li>\n<li style=\"font-weight: 400;\" aria-level=\"1\"><span style=\"color: #3366ff;\"><strong>Fanpage: M\u1ed9ng Nhi L\u00ea<\/strong><\/span><\/li>\n<li style=\"font-weight: 400;\" aria-level=\"1\"><span style=\"color: #3366ff;\"><strong>Email: mongnhi27@gmail.com<\/strong><\/span><\/li>\n<\/ul>\n","protected":false},"excerpt":{"rendered":"<p>Truy c\u1eadp Website: https:\/\/nhikorea.com\/ B\u01b0\u1edbc 1: Nh\u1ea5n ch\u1ecdn s\u1ea3n ph\u1ea9m b\u1ea1n \u0111ang quan t\u00e2m v\u00e0 c\u1ea7n mua \u0111\u1ec3 xem th\u00f4ng tin chi ti\u1ebft. B\u01b0\u1edbc 2: Nh\u1ea5n n\u00fat Chat Zao ho\u1eb7c g\u1ecdi \u0111i\u1ec7n thoai \u0111\u1ebfn s\u1ed1 Hotline tr\u00ean trang Web \u0111\u1ec3 \u0111\u01b0\u1ee3c t\u01b0 v\u1ea5n l\u1ef1a ch\u1ecdn \u0111\u00fang s\u1ea3n ph\u1ea9m. B\u01b0\u1edbc 3: Ch\u1ecdn s\u1ed1 l\u01b0\u1ee3ng h\u00e0ng h\u00f3a [&hellip;]<\/p>\n","protected":false},"author":1,"featured_media":0,"parent":0,"menu_order":0,"comment_status":"closed","ping_status":"closed","template":"","meta":{"footnotes":""},"yoast_head":"<!-- This site is optimized with the Yoast SEO plugin v21.3 - https:\/\/yoast.com\/wordpress\/plugins\/seo\/ -->\n<title>H\u01b0\u1edbng d\u1eabn mua h\u00e0ng - Nhikorea<\/title>\n<meta name=\"robots\" content=\"index, follow, max-snippet:-1, max-image-preview:large, max-video-preview:-1\" \/>\n<link rel=\"canonical\" href=\"https:\/\/giaodien.3bvietnam.com\/nhikorea\/huong-dan-mua-hang\/\" \/>\n<meta property=\"og:locale\" content=\"vi_VN\" \/>\n<meta property=\"og:type\" content=\"article\" \/>\n<meta property=\"og:title\" content=\"H\u01b0\u1edbng d\u1eabn mua h\u00e0ng - Nhikorea\" \/>\n<meta property=\"og:description\" content=\"Truy c\u1eadp Website: https:\/\/nhikorea.com\/ B\u01b0\u1edbc 1: Nh\u1ea5n ch\u1ecdn s\u1ea3n ph\u1ea9m b\u1ea1n \u0111ang quan t\u00e2m v\u00e0 c\u1ea7n mua \u0111\u1ec3 xem th\u00f4ng tin chi ti\u1ebft. B\u01b0\u1edbc 2: Nh\u1ea5n n\u00fat Chat Zao ho\u1eb7c g\u1ecdi \u0111i\u1ec7n thoai \u0111\u1ebfn s\u1ed1 Hotline tr\u00ean trang Web \u0111\u1ec3 \u0111\u01b0\u1ee3c t\u01b0 v\u1ea5n l\u1ef1a ch\u1ecdn \u0111\u00fang s\u1ea3n ph\u1ea9m. B\u01b0\u1edbc 3: Ch\u1ecdn s\u1ed1 l\u01b0\u1ee3ng h\u00e0ng h\u00f3a [&hellip;]\" \/>\n<meta property=\"og:url\" content=\"https:\/\/giaodien.3bvietnam.com\/nhikorea\/huong-dan-mua-hang\/\" \/>\n<meta property=\"og:site_name\" content=\"Nhikorea\" \/>\n<meta property=\"article:modified_time\" content=\"2023-10-11T04:32:28+00:00\" \/>\n<meta name=\"twitter:card\" content=\"summary_large_image\" \/>\n<meta name=\"twitter:label1\" content=\"\u01af\u1edbc t\u00ednh th\u1eddi gian \u0111\u1ecdc\" \/>\n\t<meta name=\"twitter:data1\" content=\"1 ph\u00fat\" \/>\n<script type=\"application\/ld+json\" class=\"yoast-schema-graph\">{\"@context\":\"https:\/\/schema.org\",\"@graph\":[{\"@type\":\"WebPage\",\"@id\":\"https:\/\/giaodien.3bvietnam.com\/nhikorea\/huong-dan-mua-hang\/\",\"url\":\"https:\/\/giaodien.3bvietnam.com\/nhikorea\/huong-dan-mua-hang\/\",\"name\":\"H\u01b0\u1edbng d\u1eabn mua h\u00e0ng - Nhikorea\",\"isPartOf\":{\"@id\":\"https:\/\/giaodien.3bvietnam.com\/nhikorea\/#website\"},\"datePublished\":\"2023-10-10T09:40:38+00:00\",\"dateModified\":\"2023-10-11T04:32:28+00:00\",\"breadcrumb\":{\"@id\":\"https:\/\/giaodien.3bvietnam.com\/nhikorea\/huong-dan-mua-hang\/#breadcrumb\"},\"inLanguage\":\"vi\",\"potentialAction\":[{\"@type\":\"ReadAction\",\"target\":[\"https:\/\/giaodien.3bvietnam.com\/nhikorea\/huong-dan-mua-hang\/\"]}]},{\"@type\":\"BreadcrumbList\",\"@id\":\"https:\/\/giaodien.3bvietnam.com\/nhikorea\/huong-dan-mua-hang\/#breadcrumb\",\"itemListElement\":[{\"@type\":\"ListItem\",\"position\":1,\"name\":\"Home\",\"item\":\"https:\/\/giaodien.3bvietnam.com\/nhikorea\/\"},{\"@type\":\"ListItem\",\"position\":2,\"name\":\"H\u01b0\u1edbng d\u1eabn mua h\u00e0ng\"}]},{\"@type\":\"WebSite\",\"@id\":\"https:\/\/giaodien.3bvietnam.com\/nhikorea\/#website\",\"url\":\"https:\/\/giaodien.3bvietnam.com\/nhikorea\/\",\"name\":\"Nhikorea\",\"description\":\"\",\"potentialAction\":[{\"@type\":\"SearchAction\",\"target\":{\"@type\":\"EntryPoint\",\"urlTemplate\":\"https:\/\/giaodien.3bvietnam.com\/nhikorea\/?s={search_term_string}\"},\"query-input\":\"required name=search_term_string\"}],\"inLanguage\":\"vi\"}]}<\/script>\n<!-- \/ Yoast SEO plugin. -->","yoast_head_json":{"title":"H\u01b0\u1edbng d\u1eabn mua h\u00e0ng - Nhikorea","robots":{"index":"index","follow":"follow","max-snippet":"max-snippet:-1","max-image-preview":"max-image-preview:large","max-video-preview":"max-video-preview:-1"},"canonical":"https:\/\/giaodien.3bvietnam.com\/nhikorea\/huong-dan-mua-hang\/","og_locale":"vi_VN","og_type":"article","og_title":"H\u01b0\u1edbng d\u1eabn mua h\u00e0ng - Nhikorea","og_description":"Truy c\u1eadp Website: https:\/\/nhikorea.com\/ B\u01b0\u1edbc 1: Nh\u1ea5n ch\u1ecdn s\u1ea3n ph\u1ea9m b\u1ea1n \u0111ang quan t\u00e2m v\u00e0 c\u1ea7n mua \u0111\u1ec3 xem th\u00f4ng tin chi ti\u1ebft. B\u01b0\u1edbc 2: Nh\u1ea5n n\u00fat Chat Zao ho\u1eb7c g\u1ecdi \u0111i\u1ec7n thoai \u0111\u1ebfn s\u1ed1 Hotline tr\u00ean trang Web \u0111\u1ec3 \u0111\u01b0\u1ee3c t\u01b0 v\u1ea5n l\u1ef1a ch\u1ecdn \u0111\u00fang s\u1ea3n ph\u1ea9m. B\u01b0\u1edbc 3: Ch\u1ecdn s\u1ed1 l\u01b0\u1ee3ng h\u00e0ng h\u00f3a [&hellip;]","og_url":"https:\/\/giaodien.3bvietnam.com\/nhikorea\/huong-dan-mua-hang\/","og_site_name":"Nhikorea","article_modified_time":"2023-10-11T04:32:28+00:00","twitter_card":"summary_large_image","twitter_misc":{"\u01af\u1edbc t\u00ednh th\u1eddi gian \u0111\u1ecdc":"1 ph\u00fat"},"schema":{"@context":"https:\/\/schema.org","@graph":[{"@type":"WebPage","@id":"https:\/\/giaodien.3bvietnam.com\/nhikorea\/huong-dan-mua-hang\/","url":"https:\/\/giaodien.3bvietnam.com\/nhikorea\/huong-dan-mua-hang\/","name":"H\u01b0\u1edbng d\u1eabn mua h\u00e0ng - Nhikorea","isPartOf":{"@id":"https:\/\/giaodien.3bvietnam.com\/nhikorea\/#website"},"datePublished":"2023-10-10T09:40:38+00:00","dateModified":"2023-10-11T04:32:28+00:00","breadcrumb":{"@id":"https:\/\/giaodien.3bvietnam.com\/nhikorea\/huong-dan-mua-hang\/#breadcrumb"},"inLanguage":"vi","potentialAction":[{"@type":"ReadAction","target":["https:\/\/giaodien.3bvietnam.com\/nhikorea\/huong-dan-mua-hang\/"]}]},{"@type":"BreadcrumbList","@id":"https:\/\/giaodien.3bvietnam.com\/nhikorea\/huong-dan-mua-hang\/#breadcrumb","itemListElement":[{"@type":"ListItem","position":1,"name":"Home","item":"https:\/\/giaodien.3bvietnam.com\/nhikorea\/"},{"@type":"ListItem","position":2,"name":"H\u01b0\u1edbng d\u1eabn mua h\u00e0ng"}]},{"@type":"WebSite","@id":"https:\/\/giaodien.3bvietnam.com\/nhikorea\/#website","url":"https:\/\/giaodien.3bvietnam.com\/nhikorea\/","name":"Nhikorea","description":"","potentialAction":[{"@type":"SearchAction","target":{"@type":"EntryPoint","urlTemplate":"https:\/\/giaodien.3bvietnam.com\/nhikorea\/?s={search_term_string}"},"query-input":"required name=search_term_string"}],"inLanguage":"vi"}]}},"_links":{"self":[{"href":"https:\/\/giaodien.3bvietnam.com\/nhikorea\/wp-json\/wp\/v2\/pages\/690"}],"collection":[{"href":"https:\/\/giaodien.3bvietnam.com\/nhikorea\/wp-json\/wp\/v2\/pages"}],"about":[{"href":"https:\/\/giaodien.3bvietnam.com\/nhikorea\/wp-json\/wp\/v2\/types\/page"}],"author":[{"embeddable":true,"href":"https:\/\/giaodien.3bvietnam.com\/nhikorea\/wp-json\/wp\/v2\/users\/1"}],"replies":[{"embeddable":true,"href":"https:\/\/giaodien.3bvietnam.com\/nhikorea\/wp-json\/wp\/v2\/comments?post=690"}],"version-history":[{"count":3,"href":"https:\/\/giaodien.3bvietnam.com\/nhikorea\/wp-json\/wp\/v2\/pages\/690\/revisions"}],"predecessor-version":[{"id":734,"href":"https:\/\/giaodien.3bvietnam.com\/nhikorea\/wp-json\/wp\/v2\/pages\/690\/revisions\/734"}],"wp:attachment":[{"href":"https:\/\/giaodien.3bvietnam.com\/nhikorea\/wp-json\/wp\/v2\/media?parent=690"}],"curies":[{"name":"wp","href":"https:\/\/api.w.org\/{rel}","templated":true}]}}